 -4?
-34601
In base 4, what is 111 - 131133?
-131022
In base 10, what is -26749 - -5?
-26744
In base 2, what is -10010010110111 - -1000?
-10010010101111
In base 15, what is c + -6c0?
-6b3
In base 3, what is 111 - 22210211021?
-22210210210
In base 11, what is 3702 + 85?
3787
In base 6, what is -114123025 - 0?
-114123025
In base 5, what is 3 - 141000042?
-141000034
In base 4, what is -22 + 301031?
301003
In base 14, what is -4a660 - 1?
-4a661
In base 9, what is 11244 + -1?
11243
In base 16, what is -4d2f + -4?
-4d33
In base 3, what is 2212212020 - 101?
2212211212
In base 3, what is 121201 + -1202?
112222
In base 16, what is 1ca6de + -2?
1ca6dc
In base 2, what is 100111010011100 + -110?
100111010010110
In base 13, what is c00 + -83?
b4a
In base 2, what is -1011101100001011001 + 111?
-1011101100001010010
In base 7, what is -464626 - 5?
-464634
In base 7, what is 5 + 1063?
1101
In base 16, what is 2 - -2645?
2647
In base 10, what is 2 + -198717?
-198715
In base 5, what is -22032 + -411?
-22443
In base 15, what is -9ed - -a?
-9e3
In base 15, what is 2d6ab - -2?
2d6ad
In base 4, what is -20322131321 - 11?
-20322131332
In base 2, what is 10100111 - -1001110100011?
1010001001010
In base 10, what is -2 + 3345?
3343
In base 15, what is -234b + 8?
-2343
In base 3, what is 220212212 + 1?
220212220
In base 2, what is -110011 + 1101000001?
1100001110
In base 4, what is 13 - 1001321?
-1001302
In base 14, what is 13c - -9b4?
b12
In base 4, what is 3311 + -2312?
333
In base 4, what is 11310310012 + -10?
11310310002
In base 3, what is 2 - 21220212000?
-21220211221
In base 9, what is -3020 - 166?
-3186
In base 10, what is 1903000 - -4?
1903004
In base 12, what is -1b13717 + -1?
-1b13718
In base 4, what is -331031 + -10010?
-1001101
In base 5, what is 403 - -12220?
13123
In base 13, what is 29867 - -4?
2986b
In base 13, what is 23bcb + 9?
23c07
In base 5, what is -113223 + 2011?
-111212
In base 4, what is -2 + 110033323?
110033321
In base 12, what is -4 - -57b8?
57b4
In base 10, what is -1868 - -20?
-1848
In base 8, what is -4007 - -25?
-3762
In base 2, what is -110011 + 110111000101?
110110010010
In base 10, what is -303203 + 2?
-303201
In base 2, what is -101011011001110010010 + -101?
-101011011001110010111
In base 12, what is -157a - -121?
-1459
In base 13, what is 5a6 - -b7?
690
In base 12, what is a7665 + -2?
a7663
In base 6, what is -44 + -42042?
-42130
In base 15, what is -2105 - -4?
-2101
In base 13, what is -1 - -1b8397?
1b8396
In base 5, what is 234 - -130200?
130434
In base 16, what is 55 + -6f3?
-69e
In base 11, what is -29356 + 16?
-29340
In base 4, what is 1233 - 1102312?
-1101013
In base 10, what is -29455 + 25?
-29430
In base 15, what is -1d03e + -b?
-1d04a
In base 5, what is 31200 - -24?
31224
In base 5, what is 33301 - 120?
33131
In base 3, what is 2110 + -12112?
-10002
In base 13, what is -5276 + 97?
-51ac
In base 8, what is -6515 - -16?
-6477
In base 14, what is -4 - -34c9d?
34c99
In base 10, what is 1104 - 460?
644
In base 3, what is 20202 + 1221?
22200
In base 4, what is -3123303223 - 0?
-3123303223
In base 9, what is 10602 + -44?
10547
In base 9, what is 10 + -537?
-527
In base 13, what is 179 + -109?
70
In base 7, what is -565414 + 20?
-565364
In base 11, what is -25727 - 4?
-25730
In base 4, what is 2103013 - 10?
2103003
In base 10, what is -10267056 - 3?
-10267059
In base 9, what is -2 - 41401?
-41403
In base 15, what is -108 + -21d?
-326
In base 15, what is 37425d - -4?
374262
In base 8, what is -37 + 32476?
32437
In base 12, what is 50b + 35?
544
In base 14, what is 108d + -18?
1075
In base 16, what is 5 + -74da1?
-74d9c
In base 12, what is -505 - 279?
-782
In base 12, what is -61 - -6495?
6434
In base 5, what is -1314 - -20?
-1244
In base 15, what is 3 + -6c9a?
-6c97
In base 5, what is -423021 + -12?
-423033
In base 4, what is 20122032 - 10?
20122022
In base 4, what is 10011121 - -1?
10011122
In base 15, what is 36 - -417?
44d
In base 13, what is 2c + 154c1?
15520
In base 16, what is 8effd - -2?
8efff
In base 4, what is 10 - -2122100?
2122110
In base 15, what is 3 - 2127?
-2124
In base 3, what is 21120 + -210120?
-112000
In base 13, what is 1 + 13c03c?
13c040
In base 13, what is 2b68 - 7c?
2ab9
In base 8, what is 3001 + -1?
3000
In base 2, what is -10 + -1001100110?
-1001101000
In base 6, what is -1 - -53522?
53521
In base 7, what is -406 - -4610?
4201
In base 3, what is -100221 - -2220110?
2112112
In base 14, what is 5749 + 2?
574b
In base 8, what is 10604 + 3?
10607
In base 13, what is b + b902?
b910
In base 8, what is 401 + -3654?
-3253
In base 6, what is 4 - -12250404?
12250412
In base 12, what is -1 - -17631b?
17631a
In base 3, what is -21010001 - 0?
-21010001
In base 11, what is 9 - -2a29?
2a37
In base 9, what is -107027 + 44?
-106873
In base 6, what is -2141030 - -1?
-2141025
In base 16, what is -50a - -32?
-4d8
In base 9, what is -607127 + 0?
-607127
In base 11, what is -4 + -3474?
-3478
In base 14, what is -22190 + 8?
-22186
In base 5, what is 1324 - -12?
1341
In base 6, what is 2 - 201333?
-201331
In base 14, what is -1 - -2601?
2600
In base 10, what is 117 + 20?
137
In base 12, what is 230 + -223?
9
In base 10, what is 128783 + 4?
128787
In base 10, what is 2141 - -6?
2147
In base 7, what is 164 - -225?
422
In base 12, what is 24801 - b?
247b2
In base 8, what is -1416035 - -2?
-1416033
In base 8, what is 43513 - 143?
43350
In base 9, what is -2 - -13887?
13885
In base 14, what is 471 + 1387?
1818
In base 11, what is -a54 + -7a4?
-1748
In base 6, what is 1 - -301310?
301311
In base 6, what is -132214 + -13?
-132231
In base 16, what is c312 - 0?
c312
In base 9, what is -130 - -4102?
3862
In base 5, what is -2223422 + -30?
-2224002
In base 6, what is 3 + 231103?
231110
In base 2, what is 100 - 10001100110110010?
-10001100110101110
In base 7, what is 226 + -1551?
-1322
In base 5, what is -1040 - -12042?
11002
In base 11, what is 18511 - 28?
18494
In base 11, what is 6 + 39009?
39014
In base 7, what is -443 - 560?
-1333
In base 3, what is 12 - -1011222111120?
1011222111202
In base 2, what is -1000011 + 101000100101111?
101000011101100
In base 16, what is a50b + 0?
a50b
In base 8, what is -27 + 5120?
5071
In base 14, what is -4 + -345b?
-3461
In base 15, what is 7 + -1263?
-125b
In base 3, what is -211001 - 100?
-211101
In base 2, what is 1111 + -10101000001?
-10100110010
In base 12, what is -4 - -b8975?
b8971
In base 6, what is -1012 - -3254?
2242
In base 8, what is 142743 + -40?
142703
In base 14, what is 3435c2 + 4?
3435c6
In base 2, what is 100 + -11001011010100111?
-11001011010100011
In base 10, what is -56 + -37269?
-37325
In base 15, what is abe0 - -3?
abe3
In base 9, what is -610 + 12?
-587
In base 8, what is -13 - 165740?
-165753
In base 13, what is -61952 + -3?
-61955
In base 9, what is 748 + 64?
823
In base 12, what is -6558 - 0?
-6558
In base 4, what is -11 + -1032310322?
-1032310333
In base 14, what is -70 - a5?
-135
In base 2, what is 111 - 10111001110110?
-10111001101111
In base 16, what is -3 + -246b?
-246e
In base 4, what is 30023103031 + 0?
30023103031
In base 2, what is -1111101100 + -10110001?
-10010011101
In base 7, what is -166412 - -5?
-166404
In base 2, what is 1011001100 - -11110010?
1110111110
In base 11, what is 6 + -50735?
-5072a
In base 4, what is -10220 + 2130?
-2030
In base 9, what is -3 - 11086?
-11100
In base 14, what is -38 + 1b413?
1b3b9
In base 5, what is 20032213 + 10?
20032223
In base 14, what is 3 + 132d?
1332
In base 11, what is -5 - 26749?
-26753
In base 14, what is 26354 - -6?
2635a
In base 9, what is 7878451 - -1?
7878452
In base 14, what is 9c - -305?
3a3
In base 13, what is 98ba0 + -5?
98b98
In base 4, what is -13 + -202121?
-202200
In base 8, what is -2223 + 170?
-2033
In base 13, what is -14129 - 3?
-1412c
In base 15, what is 67e - 23?
65b
In base 5, what is 132334 + 102?
132441
In base 14, what is -6 - -4c11b?
4c115
In base 13, what is 96 - -490?
556
In base 4, what is -1310 + -102031?
-110001
In base 3, what is -1002022110 - -1011?
-1002021022
In base 10, what is -12 - 3058?
-3070
In base 10, what is 0 + 6534?
6534
In base 7, what is 132 - -14425?
14560
In base 12, what is -6332 + 52?
-62a0
In base 6, what is -32 + -1305010?
-1305042
In base 8, what is 254 - -767?
1243
In base 